(s) = 5*s**2 - 9*s + 24. What is the remainder when 291 is divided by i(3)?
39
Suppose -27*r + 30*r = 15. What is the remainder when 20 is divided by r?
0
Let f(i) = -i**3 + 25*i**2 - 28*i + 127. Calculate the remainder when f(24) is divided by 13.
5
Let p = 461 + -443. Calculate the remainder when 124 is divided by p.
16
Suppose -5*l + 5*g + 47 = -73, 2*g = 3*l - 72. What is the remainder when 141 is divided by l?
21
Let u = -350 + 443. Calculate the remainder when u is divided by 51.
42
What is the remainder when 279 is divided by (-4)/(-8)*10 + (-1 - -36)?
39
Calculate the remainder when 6*(4 - (-44)/(-12)) is divided by 2.
0
What is the remainder when 304 is divided by (-700)/(-12) + 3 + 1/(-3)?
60
Suppose 0 = -u + 2*r - 3, -u + 0*r - 12 = -5*r. What is the remainder when 23 is divided by (u - (-1)/(-1)) + 20/2?
11
Let o be (18/(-15))/(9/(-30)). Suppose -o*f - 1490 = -14*f. Calculate the remainder when f is divided by 51.
47
Suppose 631 = 5*p - 479. Let z = -114 + p. Calculate the remainder when z is divided by 22.
20
Let s(n) be the second derivative of n**3/6 + 22*n**2 + 7*n - 4. Calculate the remainder when s(-17) is divided by 10.
7
Let y = 13 - 22. Let p = y + 29. Let a = 42 - p. What is the remainder when a is divided by 6?
4
Let q = -8 - -4. Let j(b) = b**2 + b - 36. What is the remainder when ((-2)/q)/((-3)/(-60)) is divided by j(-7)?
4
Let b(l) = l**2 - l - 3. Let i be (-2)/(-6) - (-192)/(-36). What is the remainder when 53 is divided by b(i)?
26
Let i(m) = m**3 - 6*m**2 + 2*m - 1. Let b(f) = 2*f**2 + 6*f + 7. Let x be b(-3). Let n = -26 + 47. What is the remainder when i(x) is divided by n?
20
Let n(r) = -8*r**2 + 3*r + 1. Let t be n(1). What is the remainder when 78 is divided by 27/t*-1*4?
24
Suppose -5*m + 5 = 3*f - 0, -24 = -4*f + 2*m. Suppose -5*y + 2*v = f*v - 789, v = -3*y + 475. Calculate the remainder when y is divided by 16.
15
Let j = 140 + -75. Let a(l) = -2*l**2 - 8*l + 3. Let o be a(-6). Let h = 38 + o. What is the remainder when j is divided by h?
14
Suppose 0*n + 4*n = -8, -4*a - 3*n = -6. Suppose t + 14 = a*t. Let h(x) = -x - 4. Calculate the remainder when t is divided by h(-7).
1
Let k(a) be the third derivative of a**5/60 - 5*a**4/24 + a**3/6 + 10*a**2. Suppose 5*u = u + 192. What is the remainder when u is divided by k(8)?
23
Let z = -24 - -70. Suppose 58 - 184 = -3*x. Let i = -30 + x. Calculate the remainder when z is divided by i.
10
Calculate the remainder when 427 is divided by 344/(-16)*(-4 - -2).
40
Suppose -3*h + 18 = -n, 0 = -3*h - 2*n - 3*n. Let r(m) = 2*m**2 + 5 - 2*m + 2*m**2 - 3*m**2. Calculate the remainder when 39 is divided by r(h).
19
Let h(c) = -2*c**2 + 10*c + 10. Let m be h(6). What is the remainder when 27 is divided by (-1)/(3/30*m)?
2
Suppose -3*s - 7 = -19. Let o(a) = -4*a + 5. What is the remainder when ((-82)/s)/((-2)/4) is divided by o(-4)?
20
Suppose 30*z + 77 = 41*z. Let t(o) = 7*o - 2. Let n be t(-2). Let m = n - -27. What is the remainder when m is divided by z?
4
Let d(l) = -3*l**3 + l**2 - l + 2. Let q be d(2). What is the remainder when (10/25 - 1)*q is divided by 3?
0
Let t(m) = m + 14. Let j be 1846/(-91) + 6/21. Let p = 19 - j. What is the remainder when p is divided by t(0)?
11
Calculate the remainder when 55 is divided by 2/(-4) - (-1296)/96.
3
Let a = 14 + -10. Suppose -39 = -a*l + 65. What is the remainder when l is divided by 10?
6
Let u = -22 - -49. Suppose 0 = 4*i - 3*i + 3*k - u, -2*i = -k - 54. Let j(d) = 51*d**2 + 14*d - 14. Calculate the remainder when j(1) is divided by i.
24
Suppose j + 3*y = -20, 5*j = 3*j + 4*y - 10. Let k = -8 - j. Suppose k*l - 7 = 2*l. What is the remainder when 12 is divided by l?
5
Suppose -3*i + 2 = -4*i, -5*i = k. Suppose 0 = 38*g - 33*g - k. What is the remainder when 8 is divided by g?
0
Suppose 3*f = -2 + 5. What is the remainder when (f*37)/(16 + -15) is divided by 10?
7
Suppose f - 832 = -5*y, 2*y - 191 - 140 = -f. Calculate the remainder when y is divided by 88.
79
Let z be -4*(60/8)/(-5). Suppose 2*u - z = -u, 2*u + 204 = 4*c. Calculate the remainder when c is divided by 28*(2 + 6/(-4)).
10
Suppose -4*b + 174 = -3*x, -2*b + 2*x + 50 = -38. Let n = 8772 - 8749. Calculate the remainder when b is divided by n.
19
Let d = -10 + 26. Let c(z) = 42*z + 170. Calculate the remainder when c(-3) is divided by d.
12
Let g = 6 + 9. What is the remainder when 78 is divided by g?
3
Let c(a) = -2*a**3 - a**2 + 9*a + 2. Let w be c(3). Let o = w - -92. Calculate the remainder when o is divided by 23.
12
Let d = 28 - 25. Suppose 5*g = d*g + 34. Calculate the remainder when 82 is divided by g.
14
Let h = -129 - -143. What is the remainder when 109 is divided by h?
11
Let c = -3 - -28. Let f be (-3)/(-9) - ((-51)/9 + 1). Suppose 0 = -f*p + c + 35. What is the remainder when p is divided by 7?
5
Let h = 11 - 8. Suppose 0 = -3*p - 9, h*p = -2*s + 4*p + 17. What is the remainder when 12 is divided by s?
5
Let o = 367 + -214. Suppose i - o = -8*i. What is the remainder when 49 is divided by i?
15
Let j(b) = b + 2. Let g be j(-4). Let y(t) = t**2 + 5. What is the remainder when y(0) is divided by -1 + 7 + g/1?
1
Suppose 234 = -2*a - 4*a. Let q = a - -113. What is the remainder when q is divided by 19?
17
Suppose 2*f = -3*o + 34 - 9, -50 = -5*o - 5*f. Suppose 0 = o*g - 5 - 115. What is the remainder when g is divided by 7?
3
Suppose 7 - 117 = -2*k - 3*d, -20 = -5*d. Calculate the remainder when k is divided by (-768)/(-30) - (-4)/10.
23
Let b = 165 + -128. What is the remainder when 106 is divided by b?
32
Suppose -3*b + 2*u + 27 = -4, u = 3*b - 35. Let r(p) = 14*p - 108. Let h be r(8). Suppose b = -h*f + 85. Calculate the remainder when f is divided by 11.
7
Let n = -33 + 21. Let v = -4 - n. Suppose -5*j + 52 = 4*h - 11, -5*h = -j + 30. What is the remainder when j is divided by v?
7
Let z(p) = 2*p + 17. Let o be z(-6). Suppose -o*s + 367 = -4*v, -2*v = -s + 3*v + 86. What is the remainder when s is divided by 18?
17
What is the remainder when ((-2296)/(-5))/(19*(-15)/(-1425)) is divided by 121?
118
Let p = -481 - -540. Calculate the remainder when 220 is divided by p.
43
Suppose 2*m + 2 = 0, -x = -5*m + m - 51. What is the remainder when x is divided by 35?
12
Let j(r) = -2*r + 3. What is the remainder when j(-8) is divided by -3*1*198/(-54)?
8
Let k(a) = -a + 9. Let g(j) = -j**3 + 17*j**2 + 16*j - 248. Calculate the remainder when g(17) is divided by k(4).
4
Let q(g) = -g**3 + 7*g**2 - 8*g + 9. Let w = 3 - 1. Suppose -1 = w*a - 19. Calculate the remainder when q(4) is divided by a.
7
Let g be (-6)/12 + (18/(-4) - 0). Let b = 21 + g. What is the remainder when 45 is divided by b?
13
Suppose -3*s = 59 + 103. Let m be 169/(-9) - (-12)/s. Calculate the remainder when (-2 - -1)/(1/m) is divided by 5.
4
Suppose -3*n + 3*d - 54 = -7*n, -40 = -3*n - 2*d. Calculate the remainder when 30 is divided by n.
6
Let j = 353 + -291. Calculate the remainder when 141 is divided by j.
17
Suppose 0 = -v + 5*z + 23, 2*v + 3*z = -2 - 4. What is the remainder when 30 is divided by v?
0
Let s(v) = 29*v**2 + 19*v + 63. What is the remainder when s(-3) is divided by 68?
63
Let w = 21 - 21. Suppose 4*p + 7 = -5*g, 2*p + 3*g = -w*p - 3. Let l = 32 - p. What is the remainder when l is divided by 12?
11
Suppose 4*p - 184 = 116. Let j(b) = 8*b + 6. Calculate the remainder when p is divided by j(4).
37
Let u(v) = v**3 + 11*v**2 - 13*v + 6. Let h be u(-12). Suppose h = x - z, -z + 18 = -3*x + 78. Let i = 7 - 1. Calculate the remainder when x is divided by i.
3
Suppose 27 = 5*l - 53. Calculate the remainder when (-2)/((7 - (-1615)/(-115)) + 7) is divided by l.
14
Suppose -4*z + 2*d + 2 = -24, -16 = -2*z - 2*d. Let u(k) = -k**3 + 30*k**2 - 131*k + 159. Calculate the remainder when u(25) is divided by z.
2
Let g be ((-11)/(-4)*-2)/(1/(-6)). Suppose -6*o + g = -33. Suppose s - 4*s = -159. Calculate the remainder when s is divided by o.
9
What is the remainder when 283 is divided by -5*(-2)/(-5)*-13?
23
Suppose r - k = 1, 4*k - 55 = -5*r - 5. Let l be 3*12/27*(-18)/(-4). What is the remainder when 2/(-6) - (-62)/l is divided by r?
4
Calculate the remainder when 139 is divided by 98/4 + 6/48*-4.
19
Let g = -18 - -176. Calculate the remainder when g is divided by 32.
30
Let o(g) = g**3 +